{"id":230851,"date":"2020-06-27T15:31:14","date_gmt":"2020-06-27T13:31:14","guid":{"rendered":"https:\/\/francoisecauwel.com\/?page_id=230851"},"modified":"2020-06-27T15:31:33","modified_gmt":"2020-06-27T13:31:33","slug":"la-politique-authentique","status":"publish","type":"page","link":"https:\/\/francoisecauwel.com\/index.php\/la-politique-authentique\/","title":{"rendered":"La politique authentique"},"content":{"rendered":"<p>[et_pb_section fb_built=\u00a0\u00bb1&Prime; admin_label=\u00a0\u00bbPage Title Section\u00a0\u00bb _builder_version=\u00a0\u00bb3.22&Prime; use_background_color_gradient=\u00a0\u00bbon\u00a0\u00bb background_color_gradient_start=\u00a0\u00bb#6b73ff\u00a0\u00bb background_color_gradient_end=\u00a0\u00bb#000dff\u00a0\u00bb background_color_gradient_direction=\u00a0\u00bb100deg\u00a0\u00bb background_image=\u00a0\u00bbhttps:\/\/francoisecauwel.com\/wp-content\/uploads\/2020\/01\/section-bg-triangle-right2.png\u00a0\u00bb custom_padding=\u00a0\u00bb50px||50px|||\u00a0\u00bb][et_pb_row admin_label=\u00a0\u00bbTitle Area\u00a0\u00bb _builder_version=\u00a0\u00bb3.25&Prime; custom_padding=\u00a0\u00bb||3px|||\u00a0\u00bb][et_pb_column type=\u00a0\u00bb4_4&Prime; _builder_version=\u00a0\u00bb3.25&Prime; custom_padding=\u00a0\u00bb|||\u00a0\u00bb custom_padding__hover=\u00a0\u00bb|||\u00a0\u00bb][et_pb_cta title=\u00a0\u00bbLa politique authentique\u00a0\u00bb button_url=\u00a0\u00bbhttps:\/\/www.fnac.com\/mp42340682\/Faites-le-trottoir-La-politique-au-coin-de-la-rue#omnsearchpos=1&Prime; admin_label=\u00a0\u00bbHero Text\u00a0\u00bb _builder_version=\u00a0\u00bb4.4.6&Prime; header_level=\u00a0\u00bbh1&Prime; header_font=\u00a0\u00bbPoppins|600|||||||\u00a0\u00bb header_text_align=\u00a0\u00bbcenter\u00a0\u00bb header_text_color=\u00a0\u00bb#ffffff\u00a0\u00bb header_font_size=\u00a0\u00bb48px\u00a0\u00bb header_line_height=\u00a0\u00bb1.4em\u00a0\u00bb body_font=\u00a0\u00bbPoppins||||||||\u00a0\u00bb body_font_size=\u00a0\u00bb18px\u00a0\u00bb body_line_height=\u00a0\u00bb1.8em\u00a0\u00bb use_background_color=\u00a0\u00bboff\u00a0\u00bb custom_button=\u00a0\u00bbon\u00a0\u00bb button_text_size=\u00a0\u00bb14px\u00a0\u00bb button_text_color=\u00a0\u00bb#ffffff\u00a0\u00bb button_bg_color=\u00a0\u00bb#8300e9&Prime; button_border_width=\u00a0\u00bb12px\u00a0\u00bb button_border_color=\u00a0\u00bb#8300e9&Prime; button_letter_spacing=\u00a0\u00bb2px\u00a0\u00bb button_font=\u00a0\u00bbPoppins|600||on|||||\u00a0\u00bb button_icon=\u00a0\u00bb%%3%%\u00a0\u00bb button_alignment=\u00a0\u00bbcenter\u00a0\u00bb text_orientation=\u00a0\u00bbleft\u00a0\u00bb background_layout=\u00a0\u00bblight\u00a0\u00bb animation_style=\u00a0\u00bbfade\u00a0\u00bb hover_enabled=\u00a0\u00bb0&Prime; button_text_size__hover_enabled=\u00a0\u00bboff\u00a0\u00bb button_one_text_size__hover_enabled=\u00a0\u00bboff\u00a0\u00bb button_two_text_size__hover_enabled=\u00a0\u00bboff\u00a0\u00bb button_text_color__hover_enabled=\u00a0\u00bboff\u00a0\u00bb button_one_text_color__hover_enabled=\u00a0\u00bboff\u00a0\u00bb button_two_text_color__hover_enabled=\u00a0\u00bboff\u00a0\u00bb button_border_width__hover_enabled=\u00a0\u00bboff\u00a0\u00bb button_one_border_width__hover_enabled=\u00a0\u00bboff\u00a0\u00bb button_two_border_width__hover_enabled=\u00a0\u00bboff\u00a0\u00bb button_border_color__hover_enabled=\u00a0\u00bboff\u00a0\u00bb button_one_border_color__hover_enabled=\u00a0\u00bboff\u00a0\u00bb button_two_border_color__hover_enabled=\u00a0\u00bboff\u00a0\u00bb button_border_radius__hover_enabled=\u00a0\u00bboff\u00a0\u00bb button_one_border_radius__hover_enabled=\u00a0\u00bboff\u00a0\u00bb button_two_border_radius__hover_enabled=\u00a0\u00bboff\u00a0\u00bb button_letter_spacing__hover_enabled=\u00a0\u00bboff\u00a0\u00bb button_one_letter_spacing__hover_enabled=\u00a0\u00bboff\u00a0\u00bb button_two_letter_spacing__hover_enabled=\u00a0\u00bboff\u00a0\u00bb button_bg_color__hover_enabled=\u00a0\u00bboff\u00a0\u00bb button_one_bg_color__hover_enabled=\u00a0\u00bboff\u00a0\u00bb button_two_bg_color__hover_enabled=\u00a0\u00bboff\u00a0\u00bb][\/et_pb_cta][\/et_pb_column][\/et_pb_row][\/et_pb_section][et_pb_section fb_built=\u00a0\u00bb1&Prime; admin_label=\u00a0\u00bbBlog Section\u00a0\u00bb _builder_version=\u00a0\u00bb4.1&Prime; background_color=\u00a0\u00bb#f7f7f7&Prime; background_position=\u00a0\u00bbbottom_center\u00a0\u00bb custom_margin=\u00a0\u00bb||43px|||\u00a0\u00bb custom_padding=\u00a0\u00bb90px||85px|||\u00a0\u00bb][et_pb_row admin_label=\u00a0\u00bbTitle Area\u00a0\u00bb _builder_version=\u00a0\u00bb3.25&Prime; custom_padding=\u00a0\u00bb||3px|||\u00a0\u00bb][et_pb_column type=\u00a0\u00bb4_4&Prime; _builder_version=\u00a0\u00bb3.25&Prime; custom_padding=\u00a0\u00bb|||\u00a0\u00bb custom_padding__hover=\u00a0\u00bb|||\u00a0\u00bb][et_pb_text _builder_version=\u00a0\u00bb4.4.6&Prime; text_font=\u00a0\u00bbPoppins||||||||\u00a0\u00bb text_font_size=\u00a0\u00bb22px\u00a0\u00bb hover_enabled=\u00a0\u00bb0&Prime;]<\/p>\n<p><strong>Je m&rsquo;appelle Fran\u00e7oise Cauwel.<\/strong><\/p>\n<p>[\/et_pb_text][et_pb_text _builder_version=\u00a0\u00bb4.4.6&Prime; text_font=\u00a0\u00bbPoppins|500|||||||\u00a0\u00bb text_font_size=\u00a0\u00bb15px\u00a0\u00bb hover_enabled=\u00a0\u00bb0&Prime; min_height=\u00a0\u00bb254px\u00a0\u00bb]<\/p>\n<p style=\"font-weight: 400;\">Originaire de Lille, Architecte DPLG de profession, je suis entr\u00e9e dans l\u2019\u00c9ducation Nationale en 1996.<\/p>\n<p style=\"font-weight: 400;\">Je suis mari\u00e9e et maman de 3 enfants.<\/p>\n<p style=\"font-weight: 400;\">Je me suis tout d&rsquo;abord engag\u00e9e associativement dans la cr\u00e9a<span>tion d&rsquo;une \u00e9cole de musique et de festivals d&rsquo;art, ainsi que dans la creation\u00a0d&rsquo;une importante association de parents d&rsquo;eleves\u00a0le Groupement Fr\u00e9d\u00e9rateur de parents d&rsquo;eleves\u00a0: GFPE.<\/span><\/p>\n<p style=\"font-weight: 400;\">Entre 2005 et 2014, j\u2019ai \u00e9t\u00e9 adjointe \u00e0 la culture \u00e0 Fr\u00e9jus. J\u2019ai cr\u00e9\u00e9 de nombreux festivals<span>\u00a0et\u00a0<\/span>des \u00e9v\u00e9nements<span>\u00a0<\/span><span>originaux.\u00a0<\/span>J\u2019ai encourag\u00e9 du mieux que j\u2019ai pu la culture vivante \u00e9mergente, intelligente<\/p>\n<p style=\"font-weight: 400;\">J\u2019ai \u00e9t\u00e9 \u00e9lue au conseil d\u00e9partemental du Var.<\/p>\n<p>[\/et_pb_text][\/et_pb_column][\/et_pb_row][et_pb_row _builder_version=\u00a0\u00bb4.4.6&Prime; hover_enabled=\u00a0\u00bb0&Prime;][et_pb_column _builder_version=\u00a0\u00bb4.4.6&Prime; type=\u00a0\u00bb4_4&Prime;][et_pb_gallery _builder_version=\u00a0\u00bb4.4.6&Prime; hover_enabled=\u00a0\u00bb0&Prime; gallery_ids=\u00a0\u00bb230861,230858,230857,230855,230856,230854,230860,230859&Prime; caption_font=\u00a0\u00bbPoppins||||||||\u00a0\u00bb title_font=\u00a0\u00bbPoppins||||||||\u00a0\u00bb title_level=\u00a0\u00bbh4&Prime; animation_style=\u00a0\u00bbfade\u00a0\u00bb][\/et_pb_gallery][\/et_pb_column][\/et_pb_row][et_pb_row admin_label=\u00a0\u00bbTitle Area\u00a0\u00bb _builder_version=\u00a0\u00bb3.25&Prime; custom_padding=\u00a0\u00bb||3px|||\u00a0\u00bb][et_pb_column type=\u00a0\u00bb4_4&Prime; _builder_version=\u00a0\u00bb3.25&Prime; custom_padding=\u00a0\u00bb|||\u00a0\u00bb custom_padding__hover=\u00a0\u00bb|||\u00a0\u00bb][et_pb_text _builder_version=\u00a0\u00bb4.4.6&Prime; text_font=\u00a0\u00bbPoppins|500|||||||\u00a0\u00bb text_font_size=\u00a0\u00bb15px\u00a0\u00bb hover_enabled=\u00a0\u00bb0&Prime; min_height=\u00a0\u00bb281px\u00a0\u00bb]<\/p>\n<p style=\"font-weight: 400;\">Et puis 2014, la division de la droite locale, les \u00e9gos, l\u2019\u00e9chec\u2026 Le Front National prend le \u00a0pouvoir.<\/p>\n<p style=\"font-weight: 400;\"><strong>L\u2019envie de r\u00e9sister, de combattre.<\/strong><\/p>\n<p style=\"font-weight: 400;\">J\u2019adh\u00e8re \u00e0 l\u2019UMP , devenue Les R\u00e9publicains. En 2016, je suis insult\u00e9e publiquement au conseil municipal. Je porte plainte pour injure publique \u00e0 caract\u00e8re sexiste contre David Rachline, S\u00e9nateur du Var, prot\u00e9g\u00e9 par l\u2019immunit\u00e9 parlementaire.<\/p>\n<p style=\"font-weight: 400;\">Pour expliquer \u00e0 la France enti\u00e8re la situation de Fr\u00e9jus, laboratoire du FN,\u00a0 j\u2019\u00e9cris<span>\u00a0<\/span>le<em> Manifeste pour Fr\u00e9jus,<\/em> un plaidoyer pour d\u00e9fendre notre ville \u00a0et ses valeurs. Ce cri d\u2019alarme est relay\u00e9 par<span>\u00a0<\/span>\u00ab L\u2019Appel pour Fr\u00e9jus\u00a0\u00bb lanc\u00e9 par un collectif d\u2019une trentaine d\u2019artistes d\u2019audience nationale\u00a0:\u00a0Jean-Claude Dreyfus, Rapha\u00ebl Imbert, Dominique Bluzet,\u00a0 Macha Makeieff, Olivier Roller, Bernard Foucroulle, Patrick\u00a0Pelloux, Andrea Ferr\u00e9ol, Fran\u00e7ois Morel, Elsa Zylberstein, J\u00e9r\u00f4me Clement, Philippe Torreton, etc \u2026<\/p>\n<p style=\"font-weight: 400;\">Opposante majeure \u00e0 David Rachline \u00e0 Fr\u00e9jus (25 reportages par des m\u00e9dias francais et \u00e9trangers), je suis aussi Pr\u00e9sidente d\u2019un Mouvement citoyen lanc\u00e9 en 2015, \u00ab\u00a0L\u2019\u00e9thique plut\u00f4t que l\u2019\u00e9tiquette \u00bb et auteure de la <em>Charte pour une \u00c9thique en Politique<\/em> avec ses 12 th\u00e9matiques fortes.<\/p>\n<p style=\"font-weight: 400;\">J\u2019ai \u00e9t\u00e9 \u00e9t\u00e9 d\u00e9l\u00e9gu\u00e9e pour la campagne de Bruno Le Maire aux primaires de la droite et du centre. J\u2019ai adh\u00e9r\u00e9 en tant que citoyenne au mouvement En marche en Novembre 2016\u00a0et \u00e9t\u00e9 co-animatrice de deux comit\u00e9s LREM \u00e0 Aix-en-Provence.<\/p>\n<p style=\"font-weight: 400;\">Je suis devenue chef de file \u00e0 Aix-en-Provence du parti AGIR, pr\u00e9sid\u00e9 par le Ministre de la Culture Franck Riester.<\/p>\n<p style=\"font-weight: 400;\">Suite au manque d&rsquo;unit\u00e9 de valeurs et \u00e0 l&rsquo;\u00e9chec\u00a0de mes tentatives de rassemblement au sein du parti En Marche! dans ma ville, je me suis engag\u00e9e aupr\u00e8s du d\u00e9put\u00e9 MODEM Mohamed Laqhila en mars 2020.<\/p>\n<p style=\"font-weight: 400;\"><strong>Et le chemin continue, parce que j&rsquo;aime Aix-en-Provence et les Aixois.<\/strong><\/p>\n<p>[\/et_pb_text][\/et_pb_column][\/et_pb_row][\/et_pb_section][et_pb_section fb_built=\u00a0\u00bb1&Prime; admin_label=\u00a0\u00bbFooter Section\u00a0\u00bb _builder_version=\u00a0\u00bb3.22&Prime; custom_padding=\u00a0\u00bb90px||90px|\u00a0\u00bb global_module=\u00a0\u00bb230596&Prime; saved_tabs=\u00a0\u00bball\u00a0\u00bb][et_pb_row column_structure=\u00a0\u00bb1_3,1_3,1_3&Prime; admin_label=\u00a0\u00bbFooter Area\u00a0\u00bb _builder_version=\u00a0\u00bb3.25&Prime;][et_pb_column type=\u00a0\u00bb1_3&Prime; _builder_version=\u00a0\u00bb3.25&Prime; custom_padding=\u00a0\u00bb|||\u00a0\u00bb custom_padding__hover=\u00a0\u00bb|||\u00a0\u00bb][et_pb_text admin_label=\u00a0\u00bbTitle\u00a0\u00bb _builder_version=\u00a0\u00bb4.1&Prime; text_font=\u00a0\u00bbPoppins||||||||\u00a0\u00bb text_font_size=\u00a0\u00bb16px\u00a0\u00bb text_line_height=\u00a0\u00bb1.8em\u00a0\u00bb header_font=\u00a0\u00bb||||||||\u00a0\u00bb header_2_font=\u00a0\u00bbPoppins|600|||||||\u00a0\u00bb header_2_font_size=\u00a0\u00bb22px\u00a0\u00bb header_2_line_height=\u00a0\u00bb1.5em\u00a0\u00bb custom_margin=\u00a0\u00bb||20px|\u00a0\u00bb animation_style=\u00a0\u00bbfade\u00a0\u00bb animation_direction=\u00a0\u00bbtop\u00a0\u00bb animation_starting_opacity=\u00a0\u00bb100%\u00a0\u00bb]<\/p>\n<h2>Contact<\/h2>\n<p>36, rue Jacques de la Roque, 13100 Aix-en-Provence<\/p>\n<p>(+33) 06 88 08 66 32<\/p>\n<p>contact@francoisecauwel.com<\/p>\n<p>[\/et_pb_text][et_pb_text _builder_version=\u00a0\u00bb4.2.2&Prime;]<\/p>\n<h2><strong>Confidentialit\u00e9<\/strong><\/h2>\n<p>Lire notre <a href=\"https:\/\/francoisecauwel.com\/index.php\/politique-de-confidentialite-et-de-gestion-de-vos-donnees\/\" target=\"_blank\" rel=\"noopener noreferrer\">politique de confidentialit\u00e9<\/a>.<\/p>\n<p>[\/et_pb_text][\/et_pb_column][et_pb_column type=\u00a0\u00bb1_3&Prime; _builder_version=\u00a0\u00bb3.25&Prime; custom_padding=\u00a0\u00bb|||\u00a0\u00bb custom_padding__hover=\u00a0\u00bb|||\u00a0\u00bb][et_pb_text admin_label=\u00a0\u00bbTitle\u00a0\u00bb _builder_version=\u00a0\u00bb4.1&Prime; text_font=\u00a0\u00bbPoppins||||||||\u00a0\u00bb text_font_size=\u00a0\u00bb16px\u00a0\u00bb text_line_height=\u00a0\u00bb1.8em\u00a0\u00bb header_font=\u00a0\u00bb||||||||\u00a0\u00bb header_2_font=\u00a0\u00bbPoppins|600|||||||\u00a0\u00bb header_2_font_size=\u00a0\u00bb22px\u00a0\u00bb header_2_line_height=\u00a0\u00bb1.5em\u00a0\u00bb custom_margin=\u00a0\u00bb||20px|\u00a0\u00bb animation_style=\u00a0\u00bbfade\u00a0\u00bb animation_direction=\u00a0\u00bbtop\u00a0\u00bb animation_starting_opacity=\u00a0\u00bb100%\u00a0\u00bb locked=\u00a0\u00bboff\u00a0\u00bb]<\/p>\n<h2>R\u00e9seaux Sociaux<\/h2>\n<p>[\/et_pb_text][et_pb_social_media_follow _builder_version=\u00a0\u00bb4.1&Prime; text_orientation=\u00a0\u00bbleft\u00a0\u00bb][et_pb_social_media_follow_network social_network=\u00a0\u00bbfacebook\u00a0\u00bb url=\u00a0\u00bbhttps:\/\/www.facebook.com\/cauwel\/\u00a0\u00bb _builder_version=\u00a0\u00bb4.1&Prime; background_color=\u00a0\u00bb#fe3d73&Prime; custom_margin=\u00a0\u00bb|||\u00a0\u00bb custom_padding=\u00a0\u00bb6px|6px|6px|6px\u00a0\u00bb follow_button=\u00a0\u00bboff\u00a0\u00bb url_new_window=\u00a0\u00bbon\u00a0\u00bb]facebook[\/et_pb_social_media_follow_network][et_pb_social_media_follow_network social_network=\u00a0\u00bbinstagram\u00a0\u00bb url=\u00a0\u00bbhttps:\/\/www.instagram.com\/explore\/tags\/francoisecauwel\/\u00a0\u00bb _builder_version=\u00a0\u00bb4.1&Prime; background_color=\u00a0\u00bb#fe3d73&Prime; custom_margin=\u00a0\u00bb|||\u00a0\u00bb custom_padding=\u00a0\u00bb6px|6px|6px|6px\u00a0\u00bb follow_button=\u00a0\u00bboff\u00a0\u00bb url_new_window=\u00a0\u00bbon\u00a0\u00bb]instagram[\/et_pb_social_media_follow_network][et_pb_social_media_follow_network social_network=\u00a0\u00bbtwitter\u00a0\u00bb url=\u00a0\u00bbhttps:\/\/twitter.com\/CauwelFrancoise\u00a0\u00bb _builder_version=\u00a0\u00bb4.1&Prime; background_color=\u00a0\u00bb#fe3d73&Prime; custom_margin=\u00a0\u00bb|||\u00a0\u00bb custom_padding=\u00a0\u00bb6px|6px|6px|6px\u00a0\u00bb follow_button=\u00a0\u00bboff\u00a0\u00bb url_new_window=\u00a0\u00bbon\u00a0\u00bb]twitter[\/et_pb_social_media_follow_network][et_pb_social_media_follow_network social_network=\u00a0\u00bblinkedin\u00a0\u00bb url=\u00a0\u00bbhttps:\/\/l.facebook.com\/l.php?u=https%3A%2F%2Fwww.linkedin.com%2Fin%2Ffran%C3%A7oise-cauwel-a2386858%2F%3Ffbclid%3DIwAR3KKdLqLQlWxZ7AgTuR0KrLXj5xweirWLyOxegctiZt1Q8aWuo8KFVvpM0&#038;h=AT3Z_DULDHZSmIRMAFxjDcWFFB9c60BHr8dI8XLDJwfo-3iWGWJc4ylHTir9PRLD3Re68cexE-c7ZJ5n2OVOzZK6SrhYYgFssICEBq0ZLmlNr1f-fL-04aQUWuZxqMD038pB-heEa5ctzRQsZ1Q\u00a0\u00bb _builder_version=\u00a0\u00bb4.1&Prime; background_color=\u00a0\u00bb#fe3d73&Prime; custom_margin=\u00a0\u00bb|||\u00a0\u00bb custom_padding=\u00a0\u00bb6px|6px|6px|6px\u00a0\u00bb follow_button=\u00a0\u00bboff\u00a0\u00bb url_new_window=\u00a0\u00bbon\u00a0\u00bb]linkedin[\/et_pb_social_media_follow_network][\/et_pb_social_media_follow][et_pb_text admin_label=\u00a0\u00bbTitle\u00a0\u00bb _builder_version=\u00a0\u00bb4.1&Prime; text_font=\u00a0\u00bbPoppins||||||||\u00a0\u00bb text_font_size=\u00a0\u00bb16px\u00a0\u00bb text_line_height=\u00a0\u00bb1.8em\u00a0\u00bb header_font=\u00a0\u00bb||||||||\u00a0\u00bb header_2_font=\u00a0\u00bbPoppins|600|||||||\u00a0\u00bb header_2_font_size=\u00a0\u00bb22px\u00a0\u00bb header_2_line_height=\u00a0\u00bb1.5em\u00a0\u00bb custom_margin=\u00a0\u00bb||20px|\u00a0\u00bb animation_style=\u00a0\u00bbfade\u00a0\u00bb animation_direction=\u00a0\u00bbtop\u00a0\u00bb animation_starting_opacity=\u00a0\u00bb100%\u00a0\u00bb link_option_url_new_window=\u00a0\u00bbon\u00a0\u00bb]<\/p>\n<h2>Boutique<\/h2>\n<p><span style=\"font-size: 16px;\">Visitez la <a href=\"https:\/\/flocenstock.com\/25-ethique-etiquette\" target=\"_blank\" rel=\"noopener noreferrer\">boutique en ligne<\/a> de l&rsquo;association \u00ab\u00a0l&rsquo;\u00e9thique plut\u00f4t que l&rsquo;\u00e9tiquette\u00a0\u00bb (ventes \u00e0 prix co\u00fbtant)<\/span><\/p>\n<p>[\/et_pb_text][\/et_pb_column][et_pb_column type=\u00a0\u00bb1_3&Prime; _builder_version=\u00a0\u00bb3.25&Prime; custom_padding=\u00a0\u00bb|||\u00a0\u00bb custom_padding__hover=\u00a0\u00bb|||\u00a0\u00bb][et_pb_text _builder_version=\u00a0\u00bb4.2.2&Prime; text_font=\u00a0\u00bbPoppins|600|||||||\u00a0\u00bb]<\/p>\n<h2>Newsletter<\/h2>\n<p>Laissez-moi votre email et recevez mes points de vue sur l&rsquo;actualit\u00e9<\/p>\n<div class=\"everest-forms\"><div class=\"evf-container default\" id=\"evf-230627\"><form id=\"evf-form-230627\" class=\"everest-form\" data-formid=\"230627\" data-ajax_submission=\"0\" data-keyboard_friendly_form=\"0\" method=\"post\" enctype=\"multipart\/form-data\" action=\"\/index.php\/wp-json\/wp\/v2\/pages\/230851\"><div class=\"evf-field-container\"><input type=\"hidden\" id=\"_wpnonce230627\" name=\"_wpnonce230627\" value=\"967ba46d57\" \/><input type=\"hidden\" name=\"_wp_http_referer\" value=\"\/index.php\/wp-json\/wp\/v2\/pages\/230851\" \/><div class=\"evf-frontend-row\" data-row=\"row_1\" conditional_rules=\"[]\"><div class=\"evf-frontend-grid evf-grid-1\" data-grid=\"grid_1\"><div id=\"evf-230627-field_email-container\" class=\"evf-field evf-field-email form-row validate-required validate-email\" data-required-field-message=\"Merci d&#039;entrer un Email valide\" data-field-id=\"email\"><label class=\"evf-field-label\" for=\"evf-230627-field_email\"><span class=\"evf-label\">Email<\/span> <abbr class=\"required\" title=\"N\u00e9cessaire\">*<\/abbr><\/label><input type=\"email\" id=\"evf-230627-field_email\" class=\"input-text\" name=\"everest_forms[form_fields][email]\" conditional_id=\"email\" required ><\/div><\/div><\/div><\/div><div class=\"evf-recaptcha-container recaptcha-hidden\" style=\"display:block\"><input type=\"hidden\" name=\"everest_forms[recaptcha]\" value=\"\"><\/div><div class=\"evf-submit-container \" ><input type=\"hidden\" name=\"everest_forms[id]\" value=\"230627\"><input type=\"hidden\" name=\"everest_forms[author]\" value=\"2\"><button type='submit' name='everest_forms[submit]' class='everest-forms-submit-button button evf-submit ' id='evf-submit-230627' value='evf-submit' data-process-text=\"Traitement en cours\u2026\" conditional_rules='&quot;&quot;' conditional_id='evf-submit-230627'  id=\"evf-submit-230627\" aria-live=\"assertive\">JE M&#039;INSCRIS<\/button><\/div><\/form><\/div><!-- .evf-container --><\/div>\n<p>[\/et_pb_text][\/et_pb_column][\/et_pb_row][\/et_pb_section]<\/p>\n","protected":false},"excerpt":{"rendered":"<p>Je m&rsquo;appelle Fran\u00e7oise Cauwel. Originaire de Lille, Architecte DPLG de profession, je suis entr\u00e9e dans l\u2019\u00c9ducation Nationale en 1996. Je suis mari\u00e9e et maman de 3 enfants. Je me suis tout d&rsquo;abord engag\u00e9e associativement dans la cr\u00e9ation d&rsquo;une \u00e9cole de musique et de festivals d&rsquo;art, ainsi que dans la creation\u00a0d&rsquo;une importante association de parents d&rsquo;eleves\u00a0le [&hellip;]<\/p>\n","protected":false},"author":2,"featured_media":0,"parent":0,"menu_order":0,"comment_status":"closed","ping_status":"closed","template":"","meta":{"_et_pb_use_builder":"on","_et_pb_old_content":"","_et_gb_content_width":""},"_links":{"self":[{"href":"https:\/\/francoisecauwel.com\/index.php\/wp-json\/wp\/v2\/pages\/230851"}],"collection":[{"href":"https:\/\/francoisecauwel.com\/index.php\/wp-json\/wp\/v2\/pages"}],"about":[{"href":"https:\/\/francoisecauwel.com\/index.php\/wp-json\/wp\/v2\/types\/page"}],"author":[{"embeddable":true,"href":"https:\/\/francoisecauwel.com\/index.php\/wp-json\/wp\/v2\/users\/2"}],"replies":[{"embeddable":true,"href":"https:\/\/francoisecauwel.com\/index.php\/wp-json\/wp\/v2\/comments?post=230851"}],"version-history":[{"count":0,"href":"https:\/\/francoisecauwel.com\/index.php\/wp-json\/wp\/v2\/pages\/230851\/revisions"}],"wp:attachment":[{"href":"https:\/\/francoisecauwel.com\/index.php\/wp-json\/wp\/v2\/media?parent=230851"}],"curies":[{"name":"wp","href":"https:\/\/api.w.org\/{rel}","templated":true}]}}